p) = -p. Let d be (0 - 1)/((-8)/40). Let a(u) = u**3 + 8*u**2 + 5*u - 4. Let o be a(-7). Let n = d - o. Give x(n).
5
Let u(h) = -6*h**2 + 3*h + 5. Let x(l) = l**2 - l - 1. Let t(d) = u(d) + 5*x(d). Let m(v) = -3*v. Let i be m(2). Let g = 2 + i. Give t(g).
-8
Let a(p) = -p**2 + 4*p. Let o be -16 + (-2)/(-1 - 0). Let y(v) = -v**2 - 15*v - 11. Let i be y(o). Determine a(i).
3
Let i(o) = -o**3 + 4*o**2 + 5*o + 1. Let w(c) = c - 1. Let s be w(6). Let r be i(s). Let g(p) = -7*p**2 + p. Calculate g(r).
-6
Suppose 2*j + 3*h = h + 6, 2*j = h + 18. Let z be 1 - j/((-7)/(-4)). Let r(l) = -l**3 - 2*l**2 + l + 1. Calculate r(z).
7
Let k = -69 + 60. Let t(x) = 2*x + 13. Give t(k).
-5
Let m(c) = -8 + c**3 + 6*c**2 + 0*c**2 + 0*c**2 + 1. Determine m(-6).
-7
Let q be -2 + (-4 - (-1)/1). Let y(x) = -x**2 - 6*x - 3. Calculate y(q).
2
Let t(l) = l**2 + 6*l - 4. Let q(o) = -5*o**2 - 25*o + 17. Let h(a) = 2*q(a) + 9*t(a). Calculate h(4).
-2
Let p(v) be the second derivative of v**5/20 + v**3/6 + 7*v**2 + 7*v - 3. What is p(0)?
14
Let f(b) = 12*b**2 + 7*b - 3 + 4 - 2*b - 3*b. Give f(-1).
11
Let w(o) be the second derivative of -1/120*o**6 + 0*o**3 + o**2 + 0*o**4 + 2*o + 0 - 1/20*o**5. Let c(k) be the first derivative of w(k). Give c(-2).
-4
Let r(a) = -a**3 - 8*a**2 - 6*a - 5. Let s = -17 + 10. Give r(s).
-12
Suppose -4*l = -0*l - 3*l. Let v(q) = -q**2. Let w(h) = -5*h**2 + h + 4. Let c(i) = -6*v(i) + w(i). Calculate c(l).
4
Let r(v) = 4*v + 3*v - 5*v - 3*v. Let z(a) = -8. Let b(m) = r(m) + z(m). Determine b(-6).
-2
Let j(l) = 2*l + 15. Let m(h) = -h - 7. Let n(z) = -4*j(z) - 9*m(z). Determine n(-6).
-3
Let r(w) = -4*w - w + 4*w. Suppose 4*d - 17 = -3*c, 3*c + 2*d = 5*c - 2. Let b be r(c). Let n(f) = -2*f**2 - 3*f + 2. Calculate n(b).
-7
Let w(o) = -o**3 + 5*o**2 + 4*o - 5. Let m(t) = -t**3 + 4*t**2 + 3*t - 5. Let a be (-1 + 2)*1*-4. Let h(g) = a*m(g) + 3*w(g). Determine h(0).
5
Let o(x) be the third derivative of -x**6/120 - 7*x**5/60 - 5*x**4/24 + x**3/2 + 7*x**2. Suppose 2*a = -4*q - 34, -3*a - 16 = -1. Calculate o(q).
-3
Let n(w) = w - 9. Let y = 40 + -26. Suppose -y = -3*i + i. Determine n(i).
-2
Let t(w) be the second derivative of w**5/20 + w**4/4 - w**3/3 + 2*w**2 + w. Let k(a) = 2*a - 2. Let n be k(3). Suppose 0 = -2*q + q - n. What is t(q)?
-4
Let o(k) be the second derivative of 7*k**3/6 - 2*k. Determine o(1).
7
Suppose -3*a - a = 5*o - 16, -5*o = 5*a - 20. Let s(m) be the third derivative of 1/3*m**3 + m**2 + o*m + 0 + 1/12*m**4. What is s(4)?
10
Let x(f) = f**3 - 5*f**2 - 6*f - 6. Let t be x(6). Let k(z) = -z - 11. Give k(t).
-5
Let n = -1 - 2. Let j(v) = -4*v + 1. Let w(l) = -2*l + 1. Let d(s) = 2*j(s) - 5*w(s). What is d(n)?
-9
Let l(g) = -3*g - 5. Suppose k - 4 = -2*k - 4*n, -24 = -5*k + 2*n. Suppose -3*z = -9, 0*z = -5*u - k*z - 8. Calculate l(u).
7
Let o(i) = i**3 + i**2 + i + 7. Let p be 5 + 0 - (-1 + 1). Suppose b - 2*y = 3*b - 8, -b - 20 = -p*y. Give o(b).
7
Let s(j) = 12*j + 6*j**2 + 7*j**2 - 13*j. Let r be s(1). Suppose r = -3*y - 3. Let q(u) = u**3 + 5*u**2 + u + 7. What is q(y)?
2
Suppose 4*v = -5 + 13. Let x(b) be the first derivative of -1/2*b**v - 1 + 11*b. Give x(5).
6
Let v(w) = -5*w**3 + 2*w**2 - 2*w + 6. Let h(a) = a**3 + a**2 - a - 1. Let x(c) = 4*h(c) + v(c). Let y be (0 - -8)/(-2)*-1. Calculate x(y).
10
Let w(i) be the first derivative of -i**2/2 + 3*i - 4. Determine w(7).
-4
Let u(m) = -7*m**2 - 2*m - 1. Let a(f) = f - 2. Let x be a(6). Suppose 0*h - 4 = x*h. Determine u(h).
-6
Let t(b) = 2*b - 1. Let f be t(4). Suppose 0 = f*i - 2*i - 10. Let o(c) = 2 + c**i + 0 - 9*c + 3*c. Calculate o(5).
-3
Let v(l) be the first derivative of 2 - 1/6*l**3 - 3/2*l**2 + 0*l**5 + 0*l**4 + 1/120*l**6 + 0*l. Let m(f) be the second derivative of v(f). Determine m(0).
-1
Let r(c) = -2*c**2 - 2*c - 4. Let h(j) = -j**2 - 2*j - 3. Suppose -5*q + 11 = -4. Let z(y) = q*h(y) - 2*r(y). What is z(-1)?
2
Let p be -3 + 0 - -2 - -3. Suppose 0 = p*f - 0 - 4. Let v(l) = -2*l + 6. Let b(y) = -y - 1. Let q(t) = 4*b(t) + v(t). Calculate q(f).
-10
Let u be (-36)/6 + 4*-1. Let q = u + 16. Let l(w) = w**3 - 7*w**2 + 7*w + 2. Calculate l(q).
8
Let m(d) = -d**2 - 13*d - 13. Let i(b) = -b**2 - 12*b - 12. Let t(h) = -7*i(h) + 6*m(h). Give t(-5).
1
Let t(a) be the third derivative of a**4/24 - 2*a**3/3 + 9*a**2. Let z be 0/((1*4)/2). Let g = 0 + z. Give t(g).
-4
Let m(g) = -3*g - 12 - 17 + 33. Determine m(4).
-8
Let l(q) be the second derivative of 3*q**5/20 + q**4/6 - q**3/6 + 6*q. Determine l(1).
4
Let w(i) = 3*i - 5. Let m be -3 - (4/(-2) + -5). Calculate w(m).
7
Let f = 7 - 7. Let w(q) = -6*q + 6. Let b(l) = 7*l - 7. Let u(r) = -5*b(r) - 6*w(r). Calculate u(f).
-1
Let o(k) = -k**3 + 8*k**2 + 4*k + 6. Let l(r) = 2*r**3 - 15*r**2 - 7*r - 11. Let x(y) = 3*l(y) + 5*o(y). What is x(5)?
-8
Let y be 4/2 - (-6 + 5). Let n(a) = -6*a - a**3 + 3*a + 4*a**2 - 4 + 2*a. Give n(y).
2
Let i(d) = -3*d - 4. Let g be 1 - (-1)/(1/(-9)). Let w(t) = -3*t + 2. Let o(m) = -3. Let k(z) = 6*o(z) + 3*w(z). Let b(q) = g*i(q) + 3*k(q). Calculate b(-3).
5
Suppose -9*c - 12 = -12*c. Suppose -5 = 5*m + 4*j, -j + 5 = -c*m - m. Let y(o) = 7*o**2 - o. Determine y(m).
8
Let z be (-1)/4 - 98/56. Let g(v) = -v**3 + 3*v**2 + 2. Let b be g(3). Let p(l) = -4*l**2 - 4*l + b*l**3 + l**3 - 4*l**3 - 2. Give p(z).
-2
Let l(n) = n + 5. Suppose 0 = 6*i - i. Suppose -h - j - 4 = i, -5*h + 3*j + 2 = 22. Calculate l(h).
1
Let t(n) = -n**2 + 4*n + 1. Let k be t(4). Let o be 4 - (3 + (-1 - k)). Suppose 5*m = o*m. Let h(w) = w**3 - 3. What is h(m)?
-3
Let x be 1/((-15)/(-6) + -3). Let h be x/9 - 68/18. Let w(z) = 2*z + 2. Give w(h).
-6
Let b(d) = -2*d - 2. Let p(k) = 6*k + 6. Let o(w) = -10*b(w) - 3*p(w). Let s(m) = -m. Let u(j) = -o(j) - 3*s(j). Let h(q) = 4*q**3. Let y be h(1). What is u(y)?
2
Let c(t) = -5*t - 3. Let f(a) = 14*a + 8. Let h(x) = -11*c(x) - 4*f(x). Determine h(4).
-3
Let i(v) be the second derivative of v**5/20 + 2*v**4/3 - 2*v**2 - 13*v. Determine i(-8).
-4
Let w(d) = -3*d**3 + 7*d**2 - d + 1. Let c(q) = q - 7. Let v be c(3). Let l(i) = 4*i**3 - 8*i**2 - 1. Let s(t) = v*l(t) - 5*w(t). Determine s(-4).
-5
Suppose 3*w + 2*w = 15. Let y(h) = -4*h + 2*h - 3*h + w*h. Let t(c) = -2*c**2 + 2*c + 2. Let l be t(2). Give y(l).
4
Let h(q) = -2*q + 5. Suppose -2*f - y = -53, -5*f + 94 = -y - 21. Suppose -4*g - 5*o + f = -o, -o - 19 = -4*g. Determine h(g).
-5
Let w(h) = -5*h**3 + h**2 - h. Let j be w(1). Let b = 7 + j. Let l(d) = -d + d**2 - 2*d**2 + d**3 - 2*d**b. Calculate l(3).
-3
Suppose 4*z + 2*i = 6, 4*z + 4*i - 12 = -z. Let b = 10 + -9. Let k(w) = z*w - w**2 + 0*w + b - 4*w. Determine k(-4).
1
Let w(a) = -2*a**2 - 3*a**2 + 4*a**2 + 3*a**3 - a. Let k(r) be the second derivative of -r**4/6 - 8*r**3/3 - r**2/2 - 8*r. Let y be k(-8). Determine w(y).
-3
Let p(w) = -w**2 + 2*w - 2. Let n be -3 + 4/(4/5). Determine p(n).
-2
Let a(n) = -n - 1. Let z(x) = -5*x**2 + 3*x + 3. Let q(i) = 3*a(i) + z(i). Calculate q(1).
-5
Let f = 2 - 2. Suppose -2*w + 3*w = 1. Let t(o) = w - 1 - 3 + 0 + o. Calculate t(f).
-3
Let a(f) = 3*f - 4*f + 12 - 15. Let s(d) = d**3 + 6*d**2 + 1. Let h be s(-6). Let j be h/(1/4*-1). Give a(j).
1
Let r(s) be the first derivative of -s**3/3 - s**2 + 3*s - 1. Calculate r(-3).
0
Let i = -6 - -6. Suppose 8 = 2*z + x, -4*z + 4*x + 13 + 15 = i. Let y(c) be the second derivative of c**5/20 - 5*c**4/12 + c**3/3 - 3*c**2 + 2*c. Give y(z).
4
Let c(y) = y + 4. Let q be 1/(-4) + (-15)/4. What is c(q)?
0
Let x(w) = w. Let r(m) = 6 + 4*m + 11 - 11. Let n(i) = r(i) - 5*x(i). Determine n(-5).
11
Let a(k) = 5. Let g(f) = -f + 26. Let n(u) = -3*u + 1. Let q be n(4). Let l(o) = q*a(o) + 2*g(o). Let y(d) = -2*d**2 + 2*d - 1. Let c be y(2). Give l(c).
7
Let k(m) = 2*m - 6. Let v = -31 + 20. Let z = v + 16. Calculate k(z).
4
Let k(s) = -s - 2*s + 4*s + 2. What is k(6)?
8
Suppose 0 = 2*f - 2*x + 6, 3*x - 2*x - 3 = -4*f. Let b(h) = h**3 + h - 2. Determine b(f).
-2
Let a(t) be the third derivative of 1/120*t**6 + 4*t**2 + 0 + 1/12*t**5 + 1/6*t**4 + 0*t + t**3. Give a(-4).
6
Let k = -152 + 148. Let z(t) = -t**3 - 6*t**2 - 3*t + 5. Determine z(k).
-15
Suppose 5*y - 5 = -2*x + 5, 5*y - 2*x = 10. Let m(a) = -y - 5*a + 2 + 1. What is m(3)?
-14
Let o = 6 - 4. Suppose -57 = 5*z + i, -3*z - 5*i - 65 = o*z. Let a = -17 - z. Let 